140 = -2*l + 2*h. List the prime factors of l.
73
Suppose 2*f - 3*d + 6 = 0, -5*f - 7*d + 27 = -4*d. Suppose f*i + w - 63 = 369, 5*w + 15 = 0. List the prime factors of i.
5, 29
Let c be (-3 - -4)*(1 - (25 + 3)). Let y = -9 - c. What are the prime factors of y?
2, 3
Let d = -119 + 97. What are the prime factors of (-4044)/(-22) + ((-48)/d - 2)?
2, 23
Suppose -20 = -3*v + 40. Suppose v = 2*o - n - 0*n, 3*n = -3*o + 39. List the prime factors of o.
11
Suppose 2*q - 79 = 2*o - o, 4*q + o - 149 = 0. Suppose -3*x = -n - x + q, 2*n - 67 = -5*x. Let s = n + -11. List the prime factors of s.
5
Let d = 51 + -128. Let i = 0 - d. What are the prime factors of i?
7, 11
Let k = 55 + 575. List the prime factors of k.
2, 3, 5, 7
Suppose -12 = 3*x, 3*z - 578 = -5*x + x. What are the prime factors of z?
2, 3, 11
Suppose -g - 2*g = 5*c - 1, -3*c + 2*g + 12 = 0. Let u(t) = 12 + 0*t**3 + 9*t**c - 4*t**3 - 2*t**3 - 4*t + 7*t**3. List the prime factors of u(-9).
2, 3
Let v = 86 - 86. Suppose -4*c + 0*c - 5*h + 583 = v, 0 = -c + 2*h + 149. What are the prime factors of c?
3, 7
List the prime factors of (-14)/(2 + -9)*62.
2, 31
Let z(x) = 2*x + 469*x**2 + 2 - 1 - 458*x**2. List the prime factors of z(-4).
13
Suppose -24*d + 39909 + 75411 = 0. List the prime factors of d.
5, 31
Suppose 0 = -4*n - a + 20, 2*n + 4*a + 4 = -0*a. Let c = 56 + n. List the prime factors of c.
2, 31
Suppose -5*u + u + 6 = -2*a, -4*u + 3 = -5*a. What are the prime factors of 25857/99 + u/(-11)?
3, 29
Suppose -v - 10 = -3*v - 4*q, -v + 5*q + 5 = 0. Suppose -f = 2*b - 21, b - v*f + 27 = 5*b. Let k = 3 + b. What are the prime factors of k?
2
Suppose 0*t + 4 = t. Suppose t*z + 12 = 7*z. Suppose 0 = z*h + h - 145. List the prime factors of h.
29
Let z(g) = -38*g - 13. What are the prime factors of z(-9)?
7, 47
Suppose 0 = -4*q - 4, -q = 17*r - 20*r + 7414. List the prime factors of r.
7, 353
Let f(a) = 4*a**2 + 59*a - 46. List the prime factors of f(-27).
1277
Suppose 8*s - 13 - 27 = 0. What are the prime factors of (31 - 190)/((-3)/s)?
5, 53
Let x(g) = g**3 + 32*g**2 - 22*g + 58. List the prime factors of x(-30).
2, 1259
Suppose 0*l = 4*l - 128. Suppose 8 - l = -3*t - 4*a, -3*t + a = -24. Suppose 2*d + 4 - t = 0. What are the prime factors of d?
2
Let k be 9 + (-2 - 3)/1. Suppose r - 6*r - k*a = -1294, 2*a + 8 = 0. List the prime factors of r.
2, 131
Let n be (-2 + (-3 - -4))*-2. Suppose -n*q + 6*v - 4*v + 10 = 0, 2*q + 3*v = -15. Let a = q - -3. What are the prime factors of a?
3
Suppose -h = -7 + 8. What are the prime factors of (43/5)/(h/(-5))?
43
Let o(r) = 137*r. Let w(t) = -t**3 - 3*t**2 + 5*t + 5. Let v be w(-4). What are the prime factors of o(v)?
137
Let w = 966 + -764. What are the prime factors of w?
2, 101
Let t = 68 - 66. Suppose 11*p - t*p - 189 = 0. List the prime factors of p.
3, 7
What are the prime factors of (-5 - -3)*(7 - (5 - -391))?
2, 389
Suppose 4*t + 0*t - 188 = 0. Suppose 58 = -46*d + t*d. List the prime factors of d.
2, 29
Let s = 7 + -11. Let v = s + 6. Suppose -2*q + 4*a + 50 = -0*a, -42 = -v*q - 4*a. What are the prime factors of q?
23
Let g be 5 + -2 - (-10 - 314). Suppose 0 = -2*f + l + 287, g = 5*f - 3*l - 388. List the prime factors of f.
2, 73
Let z(x) = 5*x**3 - 17*x**2 - x - 4. Let g(t) = t**3 - t**2 + t + 1. Let c(f) = 6*g(f) - z(f). What are the prime factors of c(-7)?
157
Let i(s) = -s**3 + 5*s + 3. Let w be i(-2). Suppose a - 96 = -4*v, -3*a - 138 = -5*v - w. Let p = 53 - v. List the prime factors of p.
2, 7
Let t(p) = -2*p**2 + 5*p + 15. Let z(j) = -j**2 - j + 1. Let o(i) = t(i) - 3*z(i). List the prime factors of o(-7).
5
Let x be (-40)/(-3) + 4/6. Let k = -11 + x. Suppose -c + 103 = k*t, -2*t + 5*c + 97 = t. What are the prime factors of t?
2, 17
Suppose 0 = -2*v - 3*b + 5248, b = 5*v - 0*b - 13120. List the prime factors of v.
2, 41
Suppose a = 3*m - 102, -3*m + 5*a = -m - 81. Let o be -3 + 3 + (-6)/(-3). Suppose -5*x + o = -m. List the prime factors of x.
7
List the prime factors of (-734)/(-3)*(-3)/(-2).
367
Suppose 3*u - 4*f = 1335 + 518, -1238 = -2*u + 2*f. Suppose -5*a - 3*r = -0*r - u, 2*a - 253 = -5*r. List the prime factors of a.
2, 31
Let r be (-6)/4*6*(-11)/(-33). List the prime factors of ((-544)/r)/4*(-12)/(-8).
2, 17
Let z be 12*2/((-4)/(-1)). Suppose 0 = -2*a + z*a - 192. What are the prime factors of a?
2, 3
Let d = -160 - -234. List the prime factors of d.
2, 37
Suppose -5 = 5*t - 10. Suppose 2*b - 35 = 5*j, 0 = 5*j - j + 12. Suppose u = t + b. What are the prime factors of u?
11
Suppose -7*p + 19026 = 5*o, -4*p + 5*p - 5*o = 2718. List the prime factors of p.
2, 3, 151
Let a be (15/(-6) - -1)*-2. Suppose -58 - 197 = -a*j. What are the prime factors of j?
5, 17
Suppose 3*d = -3*x + 729, 5*d - 1191 = 3*x - 0*x. Suppose -5*b = -2*l - 602 - 58, -d = -2*b - 4*l. What are the prime factors of b?
2, 5, 13
Let s(p) = 122*p**3 - 2*p**2 + 4*p - 7. What are the prime factors of s(3)?
17, 193
What are the prime factors of (10 + 9)/((-42)/43 + 1)?
19, 43
Suppose 0 = -6*w + 12*w + 42. List the prime factors of w/(-14) - 106/(-4) - -2.
29
Let s(a) be the second derivative of -a**4/12 + 5*a**3/6 + 5*a**2/2 - 2*a. Let m be s(6). List the prime factors of (-3 - (-2)/m)*-1.
5
Let o(a) = a**3 + 5*a**2 - 5*a + 5. Let b(y) = y**2 - 8*y + 7. Let i be b(6). List the prime factors of o(i).
2, 3, 5
Let p(c) = -3*c + 1. Let h be p(-1). Suppose 3*r + 252 = h*v, -r - 2 = -6. List the prime factors of v.
2, 3, 11
Suppose 119*t = 116*t + 966. Let f = t + -133. List the prime factors of f.
3, 7
Suppose -3*w = 3*y + 30, -4*w = y - 4*y - 30. Let r be (-10)/(-4)*8/y. What are the prime factors of (r/(-5))/((-2)/(-10))?
2
List the prime factors of (-52)/(-27) + 38/513.
2
Let n(k) be the third derivative of k**5/12 - 7*k**4/24 + k**3 + 9*k**2. List the prime factors of n(5).
2, 3
Let q(v) be the second derivative of v**4/4 + v**3/2 + v**2/2 - 38*v. Let c = 2 - 4. List the prime factors of q(c).
7
Suppose -z - d - 35 = 0, -7*z + 3*z - 147 = -3*d. Let c = z + 50. What are the prime factors of 32/3*(c + -11)?
2
Let b(f) = -f**2 + f + 3. Let d be b(0). Let i be 2 + 2 + (d - 0). Suppose -3*u = 2*n - 6*n + 53, 5*u - i = -2*n. List the prime factors of n.
11
Let z be ((-100)/(-6))/((-4)/(-24)). Let x = -67 + z. List the prime factors of x.
3, 11
Suppose -56*y + 9990 = -50*y. List the prime factors of y.
3, 5, 37
Let d(y) = y**3 + 4*y**2 + 3*y + 1. What are the prime factors of d(4)?
3, 47
Let l(z) be the third derivative of 5*z**4/12 + z**3 + 2*z**2. Let c be l(6). Suppose 63 + c = 3*p. What are the prime factors of p?
43
Suppose 0 = 4*o + r - 2453, 2*r - 84 = -2*o + 1138. What are the prime factors of o?
2, 307
Let x(z) be the first derivative of z**3/3 - 3*z**2 + 8*z - 3. Let d be x(6). Let l(r) = -r**3 + 7*r**2 + 8*r + 2. What are the prime factors of l(d)?
2
Let i be 1*-10*(0 + 2). Suppose -264*h + 263*h = 42. Let r = i - h. List the prime factors of r.
2, 11
Let s(d) = 18*d**2 + d - 2. List the prime factors of s(-7).
3, 97
Suppose 12*t - 234 = 6*t. Suppose 17 + t = 4*u. What are the prime factors of u?
2, 7
Let x(m) = -2*m**3 - 17*m**2 - m + 3. Let p be x(-9). Suppose 23 = 2*w + 153. Let f = w + p. List the prime factors of f.
2, 7
Let c(i) = i**3 + 2*i**2 + 2. Let q be c(-2). Suppose 3*n = w - 8, 3*w + 5*n = -0*n + 10. Suppose 3*r = -0*r + q*z + 15, w*z = -15. List the prime factors of r.
3
Suppose 0 = 2*u + 4*c - 91 + 9, c = 3*u - 109. Let y = -45 - u. Let r = y + 119. What are the prime factors of r?
37
Let n = 49 - -53. Suppose -o = 2*o - n. List the prime factors of o.
2, 17
Suppose -t + 26 + 24 = 0. Let h be 8/10 - (-210)/t. Suppose 17 = -4*f + h*f + 5*b, -2*b = f - 11. List the prime factors of f.
7
Let o(q) = q**2 - 14*q + 25. Let i(u) = -u**2 + 19*u - 31. Let f be i(16). List the prime factors of o(f).
2, 19
Suppose 336 = 8*n - 4*n. Suppose -5*y - 2*a = -352, y - 2*a - a = n. What are the prime factors of y?
2, 3
Suppose -7 = 2*y - 47. Let o = y + 20. List the prime factors of o.
2, 5
Suppose -85*l - 4876 = -89*l. List the prime factors of l.
23, 53
Let n(t) = 2*t + 6. Let z(k) = k**3 + k - 3. Let f be z(0). Let w be n(f). List the prime factors of (-7)/(14/(-68)) - w.
2, 17
Let w be ((-8)/(-10))/(14/35). Suppose 2*z - z - 79 = v, -w*z + 5*v + 158 = 0. What a